{"id":21,"date":"2026-01-19T15:30:46","date_gmt":"2026-01-19T15:30:46","guid":{"rendered":"http:\/\/keba-voyance.fr\/?page_id=21"},"modified":"2026-01-20T17:18:29","modified_gmt":"2026-01-20T17:18:29","slug":"contact","status":"publish","type":"page","link":"http:\/\/keba-voyance.fr\/index.php\/contact\/","title":{"rendered":"Contact"},"content":{"rendered":"\n<div class=\"wp-block-cover alignfull\" style=\"min-height:430px;aspect-ratio:unset;\"><img decoding=\"async\" class=\"wp-block-cover__image-background wp-image-2490\" alt=\"\" src=\"https:\/\/tyler.com\/wp-content\/uploads\/2023\/11\/View-Contact-Hero-Image.jpeg\" style=\"object-position:50% 51%\" data-object-fit=\"cover\" data-object-position=\"50% 51%\"\/><span aria-hidden=\"true\" class=\"wp-block-cover__background has-background-dim\"><\/span><div class=\"wp-block-cover__inner-container has-global-padding is-layout-constrained wp-container-core-cover-is-layout-4383d167 wp-block-cover-is-layout-constrained\">\n<h2 class=\"wp-block-heading has-text-align-center has-text-color has-link-color has-suranna-font-family wp-elements-d4bf429e74f4f2a0c6643d3a037dd35b\" style=\"color:#ffffff;font-size:clamp(33.419px, 2.089rem + ((1vw - 3.2px) * 3.021), 60px);font-style:normal;font-weight:500\">Contactez <\/h2>\n\n\n\n<p class=\"has-text-align-center has-large-font-size\">le Cabinet du Professeur Keba<\/p>\n<\/div><\/div>\n\n\n\n<div class=\"wp-block-group alignwide has-global-padding is-layout-constrained wp-container-core-group-is-layout-1a9b7ca0 wp-block-group-is-layout-constrained\" style=\"padding-top:50px;padding-bottom:50px\">\n<div class=\"wp-block-columns is-layout-flex wp-container-core-columns-is-layout-4e4d4a85 wp-block-columns-is-layout-flex\" style=\"padding-top:20px;padding-bottom:20px\">\n<div class=\"wp-block-column has-background is-layout-flow wp-block-column-is-layout-flow\" style=\"background-color:#edf7f7;padding-top:30px;padding-right:20px;padding-bottom:30px;padding-left:20px\">\n<p class=\"has-text-align-center has-text-color has-link-color has-outfit-font-family wp-elements-6b60dbfeda8f8eb462c60bdbad7e5a07\" style=\"color:#000000;font-size:clamp(14px, 0.875rem + ((1vw - 3.2px) * 0.682), 20px);\"><a href=\"tel:#\"><strong>T\u00e9l\u00e9phone :<\/strong> <\/a><\/p>\n\n\n\n<p class=\"has-text-align-center\"><a href=\"tel:0635942428\">06 35 94 24 28<\/a><\/p>\n\n\n\n<p class=\"has-text-align-center\">Email:<\/p>\n\n\n\n<p class=\"has-text-align-center\">kebavoyantmarabout@gmail.com<\/p>\n<\/div>\n\n\n\n<div class=\"wp-block-column has-background is-layout-flow wp-block-column-is-layout-flow\" style=\"background-color:#edf7f7;padding-top:30px;padding-right:20px;padding-bottom:30px;padding-left:20px\">\n<figure class=\"wp-block-image aligncenter size-full is-style-rounded\"><img loading=\"lazy\" decoding=\"async\" width=\"1024\" height=\"1024\" src=\"http:\/\/keba-voyance.fr\/wp-content\/uploads\/2026\/01\/Logo-mystique-de-Professeur-Keba.png\" alt=\"\" class=\"wp-image-80\" srcset=\"http:\/\/keba-voyance.fr\/wp-content\/uploads\/2026\/01\/Logo-mystique-de-Professeur-Keba.png 1024w, http:\/\/keba-voyance.fr\/wp-content\/uploads\/2026\/01\/Logo-mystique-de-Professeur-Keba-300x300.png 300w, http:\/\/keba-voyance.fr\/wp-content\/uploads\/2026\/01\/Logo-mystique-de-Professeur-Keba-150x150.png 150w, http:\/\/keba-voyance.fr\/wp-content\/uploads\/2026\/01\/Logo-mystique-de-Professeur-Keba-768x768.png 768w\" sizes=\"auto, (max-width: 1024px) 100vw, 1024px\" \/><\/figure>\n<\/div>\n\n\n\n<div class=\"wp-block-column has-background is-layout-flow wp-block-column-is-layout-flow\" style=\"background-color:#edf7f7;padding-top:30px;padding-right:20px;padding-bottom:30px;padding-left:20px\">\n<p class=\"has-text-align-center has-medium-font-size\"><strong>Adresse<\/strong>: <\/p>\n\n\n\n<p class=\"has-text-align-center has-text-color has-link-color has-outfit-font-family wp-elements-33191123b1b0dfb21bd78823fbe4b6a7\" style=\"color:#000000;font-size:clamp(14px, 0.875rem + ((1vw - 3.2px) * 0.682), 20px);\">Cabinet Professeur KEBA<\/p>\n\n\n\n<p>1 Place Saint Louis 28000 Chartres <\/p>\n<\/div>\n<\/div>\n\n\n<style id=\"wpforms-css-vars-48-block-fee542c7-5b65-4836-bde3-a2af28a8a763\">\n\t\t\t\t#wpforms-48.wpforms-block-fee542c7-5b65-4836-bde3-a2af28a8a763 {\n\t\t\t\t--wpforms-field-size-input-height: 43px;\n--wpforms-field-size-input-spacing: 15px;\n--wpforms-field-size-font-size: 16px;\n--wpforms-field-size-line-height: 19px;\n--wpforms-field-size-padding-h: 14px;\n--wpforms-field-size-checkbox-size: 16px;\n--wpforms-field-size-sublabel-spacing: 5px;\n--wpforms-field-size-icon-size: 1;\n--wpforms-label-size-font-size: 16px;\n--wpforms-label-size-line-height: 19px;\n--wpforms-label-size-sublabel-font-size: 14px;\n--wpforms-label-size-sublabel-line-height: 17px;\n--wpforms-button-size-font-size: 17px;\n--wpforms-button-size-height: 41px;\n--wpforms-button-size-padding-h: 15px;\n--wpforms-button-size-margin-top: 10px;\n\t\t\t}\n\t\t\t<\/style><div class=\"wpforms-container wpforms-container-full wpforms-block wpforms-block-fee542c7-5b65-4836-bde3-a2af28a8a763 wpforms-render-modern\" id=\"wpforms-48\"><form id=\"wpforms-form-48\" class=\"wpforms-validate wpforms-form wpforms-ajax-form\" data-formid=\"48\" method=\"post\" enctype=\"multipart\/form-data\" action=\"\/index.php\/wp-json\/wp\/v2\/pages\/21\" data-token=\"2173e97fde20c3921f9ebc10f14b9e47\" data-token-time=\"1777593721\"><noscript class=\"wpforms-error-noscript\">Veuillez activer JavaScript dans votre navigateur pour remplir ce formulaire.<\/noscript><div id=\"wpforms-error-noscript\" style=\"display: none;\">Veuillez activer JavaScript dans votre navigateur pour remplir ce formulaire.<\/div><div class=\"wpforms-field-container\">\t\t<div id=\"wpforms-48-field_5-container\"\n\t\t\tclass=\"wpforms-field wpforms-field-text\"\n\t\t\tdata-field-type=\"text\"\n\t\t\tdata-field-id=\"5\"\n\t\t\t>\n\t\t\t<label class=\"wpforms-field-label\" for=\"wpforms-48-field_5\" >Num\u00e9ro ou de<\/label>\n\t\t\t<input type=\"text\" id=\"wpforms-48-field_5\" class=\"wpforms-field-medium\" name=\"wpforms[fields][5]\" >\n\t\t<\/div>\n\t\t<div id=\"wpforms-48-field_1-container\" class=\"wpforms-field wpforms-field-name\" data-field-id=\"1\"><fieldset><legend class=\"wpforms-field-label\">Nom <span class=\"wpforms-required-label\" aria-hidden=\"true\">*<\/span><\/legend><div class=\"wpforms-field-row wpforms-field-medium\"><div class=\"wpforms-field-row-block wpforms-first wpforms-one-half\"><input type=\"text\" id=\"wpforms-48-field_1\" class=\"wpforms-field-name-first wpforms-field-required\" name=\"wpforms[fields][1][first]\" aria-errormessage=\"wpforms-48-field_1-error\" required><label for=\"wpforms-48-field_1\" class=\"wpforms-field-sublabel after\">Pr\u00e9nom<\/label><\/div><div class=\"wpforms-field-row-block wpforms-one-half\"><input type=\"text\" id=\"wpforms-48-field_1-last\" class=\"wpforms-field-name-last wpforms-field-required\" name=\"wpforms[fields][1][last]\" aria-errormessage=\"wpforms-48-field_1-last-error\" required><label for=\"wpforms-48-field_1-last\" class=\"wpforms-field-sublabel after\">Nom<\/label><\/div><\/div><\/fieldset><\/div><div id=\"wpforms-48-field_4-container\" class=\"wpforms-field wpforms-field-number\" data-field-id=\"4\"><label class=\"wpforms-field-label\" for=\"wpforms-48-field_4\">Num\u00e9ro de t\u00e9l\u00e9phone <\/label><input type=\"number\" id=\"wpforms-48-field_4\" class=\"wpforms-field-medium\" name=\"wpforms[fields][4]\" step=\"any\" aria-errormessage=\"wpforms-48-field_4-error\" ><\/div><div id=\"wpforms-48-field_2-container\" class=\"wpforms-field wpforms-field-email\" data-field-id=\"2\"><label class=\"wpforms-field-label\" for=\"wpforms-48-field_2\">E-mail <span class=\"wpforms-required-label\" aria-hidden=\"true\">*<\/span><\/label><input type=\"email\" id=\"wpforms-48-field_2\" class=\"wpforms-field-medium wpforms-field-required\" name=\"wpforms[fields][2]\" spellcheck=\"false\" aria-errormessage=\"wpforms-48-field_2-error\" required><\/div><div id=\"wpforms-48-field_3-container\" class=\"wpforms-field wpforms-field-textarea\" data-field-id=\"3\"><label class=\"wpforms-field-label\" for=\"wpforms-48-field_3\">Commentaire ou message<\/label><textarea id=\"wpforms-48-field_3\" class=\"wpforms-field-medium\" name=\"wpforms[fields][3]\" aria-errormessage=\"wpforms-48-field_3-error\" ><\/textarea><\/div><script>\n\t\t\t\t( function() {\n\t\t\t\t\tconst style = document.createElement( 'style' );\n\t\t\t\t\tstyle.appendChild( document.createTextNode( '#wpforms-48-field_5-container { position: absolute !important; overflow: hidden !important; display: inline !important; height: 1px !important; width: 1px !important; z-index: -1000 !important; padding: 0 !important; } #wpforms-48-field_5-container input { visibility: hidden; } #wpforms-conversational-form-page #wpforms-48-field_5-container label { counter-increment: none; }' ) );\n\t\t\t\t\tdocument.head.appendChild( style );\n\t\t\t\t\tdocument.currentScript?.remove();\n\t\t\t\t} )();\n\t\t\t<\/script><\/div><!-- .wpforms-field-container --><div class=\"wpforms-submit-container\" ><input type=\"hidden\" name=\"wpforms[id]\" value=\"48\"><input type=\"hidden\" name=\"page_title\" value=\"\"><input type=\"hidden\" name=\"page_url\" value=\"http:\/\/keba-voyance.fr\/index.php\/wp-json\/wp\/v2\/pages\/21\"><input type=\"hidden\" name=\"url_referer\" value=\"\"><button type=\"submit\" name=\"wpforms[submit]\" id=\"wpforms-submit-48\" class=\"wpforms-submit\" data-alt-text=\"Envoi...\" data-submit-text=\"Envoyer\" aria-live=\"assertive\" value=\"wpforms-submit\">Envoyer<\/button><img loading=\"lazy\" decoding=\"async\" src=\"http:\/\/keba-voyance.fr\/wp-content\/plugins\/wpforms-lite\/assets\/images\/submit-spin.svg\" class=\"wpforms-submit-spinner\" style=\"display: none;\" width=\"26\" height=\"26\" alt=\"Chargement en cours\"><\/div><\/form><\/div>  <!-- .wpforms-container --><\/div>\n","protected":false},"excerpt":{"rendered":"<p>T\u00e9l\u00e9phone : 06 35 94 24 28 Email: kebavoyantmarabout@gmail.com Adresse: Cabinet Professeur KEBA 1 Place Saint Louis 28000 Chartres<\/p>\n","protected":false},"author":1,"featured_media":0,"parent":0,"menu_order":0,"comment_status":"closed","ping_status":"closed","template":"","meta":{"footnotes":""},"class_list":["post-21","page","type-page","status-publish","hentry"],"yoast_head":"<!-- This site is optimized with the Yoast SEO plugin v26.7 - https:\/\/yoast.com\/wordpress\/plugins\/seo\/ -->\n<title>Contact - Professeur Keba voyant africain<\/title>\n<meta name=\"robots\" content=\"index, follow, max-snippet:-1, max-image-preview:large, max-video-preview:-1\" \/>\n<link rel=\"canonical\" href=\"http:\/\/keba-voyance.fr\/index.php\/contact\/\" \/>\n<meta property=\"og:locale\" content=\"fr_FR\" \/>\n<meta property=\"og:type\" content=\"article\" \/>\n<meta property=\"og:title\" content=\"Contact - Professeur Keba voyant africain\" \/>\n<meta property=\"og:description\" content=\"T\u00e9l\u00e9phone : 06 35 94 24 28 Email: kebavoyantmarabout@gmail.com Adresse: Cabinet Professeur KEBA 1 Place Saint Louis 28000 Chartres\" \/>\n<meta property=\"og:url\" content=\"http:\/\/keba-voyance.fr\/index.php\/contact\/\" \/>\n<meta property=\"og:site_name\" content=\"Professeur Keba voyant africain\" \/>\n<meta property=\"article:modified_time\" content=\"2026-01-20T17:18:29+00:00\" \/>\n<meta property=\"og:image\" content=\"https:\/\/tyler.com\/wp-content\/uploads\/2023\/11\/View-Contact-Hero-Image.jpeg\" \/>\n<meta name=\"twitter:card\" content=\"summary_large_image\" \/>\n<meta name=\"twitter:label1\" content=\"Dur\u00e9e de lecture estim\u00e9e\" \/>\n\t<meta name=\"twitter:data1\" content=\"1 minute\" \/>\n<script type=\"application\/ld+json\" class=\"yoast-schema-graph\">{\"@context\":\"https:\/\/schema.org\",\"@graph\":[{\"@type\":\"WebPage\",\"@id\":\"http:\/\/keba-voyance.fr\/index.php\/contact\/\",\"url\":\"http:\/\/keba-voyance.fr\/index.php\/contact\/\",\"name\":\"Contact - Professeur Keba voyant africain\",\"isPartOf\":{\"@id\":\"https:\/\/keba-voyance.fr\/#website\"},\"primaryImageOfPage\":{\"@id\":\"http:\/\/keba-voyance.fr\/index.php\/contact\/#primaryimage\"},\"image\":{\"@id\":\"http:\/\/keba-voyance.fr\/index.php\/contact\/#primaryimage\"},\"thumbnailUrl\":\"https:\/\/tyler.com\/wp-content\/uploads\/2023\/11\/View-Contact-Hero-Image.jpeg\",\"datePublished\":\"2026-01-19T15:30:46+00:00\",\"dateModified\":\"2026-01-20T17:18:29+00:00\",\"breadcrumb\":{\"@id\":\"http:\/\/keba-voyance.fr\/index.php\/contact\/#breadcrumb\"},\"inLanguage\":\"fr-FR\",\"potentialAction\":[{\"@type\":\"ReadAction\",\"target\":[\"http:\/\/keba-voyance.fr\/index.php\/contact\/\"]}]},{\"@type\":\"ImageObject\",\"inLanguage\":\"fr-FR\",\"@id\":\"http:\/\/keba-voyance.fr\/index.php\/contact\/#primaryimage\",\"url\":\"https:\/\/tyler.com\/wp-content\/uploads\/2023\/11\/View-Contact-Hero-Image.jpeg\",\"contentUrl\":\"https:\/\/tyler.com\/wp-content\/uploads\/2023\/11\/View-Contact-Hero-Image.jpeg\"},{\"@type\":\"BreadcrumbList\",\"@id\":\"http:\/\/keba-voyance.fr\/index.php\/contact\/#breadcrumb\",\"itemListElement\":[{\"@type\":\"ListItem\",\"position\":1,\"name\":\"Accueil\",\"item\":\"https:\/\/keba-voyance.fr\/\"},{\"@type\":\"ListItem\",\"position\":2,\"name\":\"Contact\"}]},{\"@type\":\"WebSite\",\"@id\":\"https:\/\/keba-voyance.fr\/#website\",\"url\":\"https:\/\/keba-voyance.fr\/\",\"name\":\"Professeur Keba voyant africain\",\"description\":\"Votre satisfaction est notre priorit\u00e9\",\"publisher\":{\"@id\":\"https:\/\/keba-voyance.fr\/#organization\"},\"potentialAction\":[{\"@type\":\"SearchAction\",\"target\":{\"@type\":\"EntryPoint\",\"urlTemplate\":\"https:\/\/keba-voyance.fr\/?s={search_term_string}\"},\"query-input\":{\"@type\":\"PropertyValueSpecification\",\"valueRequired\":true,\"valueName\":\"search_term_string\"}}],\"inLanguage\":\"fr-FR\"},{\"@type\":\"Organization\",\"@id\":\"https:\/\/keba-voyance.fr\/#organization\",\"name\":\"Professeur Keba voyant africain\",\"url\":\"https:\/\/keba-voyance.fr\/\",\"logo\":{\"@type\":\"ImageObject\",\"inLanguage\":\"fr-FR\",\"@id\":\"https:\/\/keba-voyance.fr\/#\/schema\/logo\/image\/\",\"url\":\"http:\/\/keba-voyance.fr\/wp-content\/uploads\/2026\/01\/Logo-mystique-de-Professeur-Keba.png\",\"contentUrl\":\"http:\/\/keba-voyance.fr\/wp-content\/uploads\/2026\/01\/Logo-mystique-de-Professeur-Keba.png\",\"width\":1024,\"height\":1024,\"caption\":\"Professeur Keba voyant africain\"},\"image\":{\"@id\":\"https:\/\/keba-voyance.fr\/#\/schema\/logo\/image\/\"}}]}<\/script>\n<!-- \/ Yoast SEO plugin. -->","yoast_head_json":{"title":"Contact - Professeur Keba voyant africain","robots":{"index":"index","follow":"follow","max-snippet":"max-snippet:-1","max-image-preview":"max-image-preview:large","max-video-preview":"max-video-preview:-1"},"canonical":"http:\/\/keba-voyance.fr\/index.php\/contact\/","og_locale":"fr_FR","og_type":"article","og_title":"Contact - Professeur Keba voyant africain","og_description":"T\u00e9l\u00e9phone : 06 35 94 24 28 Email: kebavoyantmarabout@gmail.com Adresse: Cabinet Professeur KEBA 1 Place Saint Louis 28000 Chartres","og_url":"http:\/\/keba-voyance.fr\/index.php\/contact\/","og_site_name":"Professeur Keba voyant africain","article_modified_time":"2026-01-20T17:18:29+00:00","og_image":[{"url":"https:\/\/tyler.com\/wp-content\/uploads\/2023\/11\/View-Contact-Hero-Image.jpeg","type":"","width":"","height":""}],"twitter_card":"summary_large_image","twitter_misc":{"Dur\u00e9e de lecture estim\u00e9e":"1 minute"},"schema":{"@context":"https:\/\/schema.org","@graph":[{"@type":"WebPage","@id":"http:\/\/keba-voyance.fr\/index.php\/contact\/","url":"http:\/\/keba-voyance.fr\/index.php\/contact\/","name":"Contact - Professeur Keba voyant africain","isPartOf":{"@id":"https:\/\/keba-voyance.fr\/#website"},"primaryImageOfPage":{"@id":"http:\/\/keba-voyance.fr\/index.php\/contact\/#primaryimage"},"image":{"@id":"http:\/\/keba-voyance.fr\/index.php\/contact\/#primaryimage"},"thumbnailUrl":"https:\/\/tyler.com\/wp-content\/uploads\/2023\/11\/View-Contact-Hero-Image.jpeg","datePublished":"2026-01-19T15:30:46+00:00","dateModified":"2026-01-20T17:18:29+00:00","breadcrumb":{"@id":"http:\/\/keba-voyance.fr\/index.php\/contact\/#breadcrumb"},"inLanguage":"fr-FR","potentialAction":[{"@type":"ReadAction","target":["http:\/\/keba-voyance.fr\/index.php\/contact\/"]}]},{"@type":"ImageObject","inLanguage":"fr-FR","@id":"http:\/\/keba-voyance.fr\/index.php\/contact\/#primaryimage","url":"https:\/\/tyler.com\/wp-content\/uploads\/2023\/11\/View-Contact-Hero-Image.jpeg","contentUrl":"https:\/\/tyler.com\/wp-content\/uploads\/2023\/11\/View-Contact-Hero-Image.jpeg"},{"@type":"BreadcrumbList","@id":"http:\/\/keba-voyance.fr\/index.php\/contact\/#breadcrumb","itemListElement":[{"@type":"ListItem","position":1,"name":"Accueil","item":"https:\/\/keba-voyance.fr\/"},{"@type":"ListItem","position":2,"name":"Contact"}]},{"@type":"WebSite","@id":"https:\/\/keba-voyance.fr\/#website","url":"https:\/\/keba-voyance.fr\/","name":"Professeur Keba voyant africain","description":"Votre satisfaction est notre priorit\u00e9","publisher":{"@id":"https:\/\/keba-voyance.fr\/#organization"},"potentialAction":[{"@type":"SearchAction","target":{"@type":"EntryPoint","urlTemplate":"https:\/\/keba-voyance.fr\/?s={search_term_string}"},"query-input":{"@type":"PropertyValueSpecification","valueRequired":true,"valueName":"search_term_string"}}],"inLanguage":"fr-FR"},{"@type":"Organization","@id":"https:\/\/keba-voyance.fr\/#organization","name":"Professeur Keba voyant africain","url":"https:\/\/keba-voyance.fr\/","logo":{"@type":"ImageObject","inLanguage":"fr-FR","@id":"https:\/\/keba-voyance.fr\/#\/schema\/logo\/image\/","url":"http:\/\/keba-voyance.fr\/wp-content\/uploads\/2026\/01\/Logo-mystique-de-Professeur-Keba.png","contentUrl":"http:\/\/keba-voyance.fr\/wp-content\/uploads\/2026\/01\/Logo-mystique-de-Professeur-Keba.png","width":1024,"height":1024,"caption":"Professeur Keba voyant africain"},"image":{"@id":"https:\/\/keba-voyance.fr\/#\/schema\/logo\/image\/"}}]}},"_links":{"self":[{"href":"http:\/\/keba-voyance.fr\/index.php\/wp-json\/wp\/v2\/pages\/21","targetHints":{"allow":["GET"]}}],"collection":[{"href":"http:\/\/keba-voyance.fr\/index.php\/wp-json\/wp\/v2\/pages"}],"about":[{"href":"http:\/\/keba-voyance.fr\/index.php\/wp-json\/wp\/v2\/types\/page"}],"author":[{"embeddable":true,"href":"http:\/\/keba-voyance.fr\/index.php\/wp-json\/wp\/v2\/users\/1"}],"replies":[{"embeddable":true,"href":"http:\/\/keba-voyance.fr\/index.php\/wp-json\/wp\/v2\/comments?post=21"}],"version-history":[{"count":5,"href":"http:\/\/keba-voyance.fr\/index.php\/wp-json\/wp\/v2\/pages\/21\/revisions"}],"predecessor-version":[{"id":128,"href":"http:\/\/keba-voyance.fr\/index.php\/wp-json\/wp\/v2\/pages\/21\/revisions\/128"}],"wp:attachment":[{"href":"http:\/\/keba-voyance.fr\/index.php\/wp-json\/wp\/v2\/media?parent=21"}],"curies":[{"name":"wp","href":"https:\/\/api.w.org\/{rel}","templated":true}]}}